t is t(0)?
3
Let o(c) = 55*c + 48 + 47 - 60*c. What is o(18)?
5
Let f = 2318 + -2310. Let b(t) = t**2 - 5*t + 6. What is b(f)?
30
Let s(o) = -o**3 + o**2 - 2*o + 1. Let l(u) = -u**3 + 11*u**2 - 12*u + 134. Let q be l(11). Give s(q).
-7
Let s(a) = 3*a + 1. Let k(c) = 7 + c + 2 + 6. Let d be k(0). Let o(x) = -x**3 + 15*x**2 + x - 18. Let b be o(d). Determine s(b).
-8
Let b(l) = -6*l**3 - 12*l**2 - 4*l + 9. Let c(h) = h**3 + h**2 + 1. Let a(p) = b(p) + 5*c(p). Give a(-6).
2
Let b be (4/12)/((-1)/(-3)) - 15. Let q(j) = 2*j**2 + 4*j + 4. Let i be q(-3). Let u = b + i. Let l(g) = g**3 + 3*g**2 - 4*g - 4. Give l(u).
-4
Let d(m) = 3*m + 2. Let h(v) = 6*v + 2. Let g(w) = -7*d(w) + 4*h(w). Calculate g(0).
-6
Let w be 6 + -2 + -6 - -4. Let u(o) = -22*o**w - 1 + 44*o**2 - 23*o**2. Let d(s) = 7*s**2 + 2*s + 8. Let t(y) = -d(y) - 6*u(y). What is t(-3)?
-5
Suppose 5*c - 125 = 2*f + 8, 3*c - 91 = 4*f. Suppose 4*s + s = c. Let d(v) = v**2 - 7*v + 4. What is d(s)?
-6
Let v(k) = 106 - 35 - 2*k - k - 29 - k**2 - 37. Suppose -4*i - 1 = -a + 7, 0 = -2*a + 2*i - 2. Determine v(a).
1
Let p(m) = 4*m + 1. Suppose 2*g - 7*g = -10. Calculate p(g).
9
Let z(a) be the first derivative of 5*a**2/2 - 5*a - 9. Let i be z(2). Let t(x) = 4*x - 3 + i + x**2 + 1. What is t(-3)?
0
Let o(x) = x**3 + 3*x**2 - 3*x + 4. Let r be ((-65)/(-15) + -4)*6/2. Suppose 0 = u + 2*a + 1, -u = 2*a + 2*a - r. Give o(u).
13
Let r(z) = 2 + z**3 + 4 + 11*z + 0 + 4 - 2 + 8*z**2. What is r(-7)?
-20
Let d(v) = 12*v**2 - 14*v**2 + 1594 - 1595. What is d(-1)?
-3
Let z = -413 + 409. Let a(h) = h**3 + 4*h**2 + 4*h + 1. Determine a(z).
-15
Let q = 12 - 7. Let z(p) = 13 + 1 - 8 - 5*p + p**2. Let r(l) = -2*l**2 + 10*l - 11. Let f(u) = -3*r(u) - 5*z(u). Determine f(q).
3
Let a(d) = -2*d - 22. Let p = 2998 - 3008. Give a(p).
-2
Let h(a) = 2*a. Let u = -33 + 96. Let j = u - 62. What is h(j)?
2
Let l(z) be the first derivative of 3*z**2 - 4*z - 57. Determine l(4).
20
Let q(w) = -4*w**3 + 2*w**2 + 2*w + 1. Let m be q(-1). Suppose x + 11 = m. Let z(u) be the third derivative of -u**4/24 - 5*u**3/3 - 10*u**2. Calculate z(x).
-4
Suppose -2*u = 5*x - 52, -5*x + 9 = -3*u + 37. Let a be (1 - (-30)/(-8)) + (-4)/u. Let h(d) = -2*d**3 - 4*d**2 - d + 2. Determine h(a).
23
Let s(f) be the first derivative of 4/3*f**3 + 3/2*f**2 + 3*f + 15 + 1/4*f**4. Determine s(-3).
3
Let t(h) = -23*h + 44. Suppose -n + 68 = 3*n. Let z(x) = -10*x + 5 + 10 + 2*x. Let f(y) = n*z(y) - 6*t(y). Give f(6).
3
Suppose -161 + 167 = 3*x. Let n(b) = 2*b**3 - 2*b**2 - 2*b + 2. Determine n(x).
6
Let x(w) = -5*w - w**3 + 2 + w + 8*w**2 - 4*w. Let u(k) = -k - 6. Let h be u(-11). Suppose 0 = 5*m - h, 5*y + 0*y + 4*m - 39 = 0. Give x(y).
-5
Let l(i) = 7*i**3 - 34*i**2 - 18*i - 6. Let j(a) = 3*a**3 - 16*a**2 - 9*a - 3. Let k(q) = 9*j(q) - 4*l(q). What is k(-7)?
11
Let z(t) be the first derivative of 9*t**4/4 - t**3/3 - t**2/2 + 6. Let w(l) = 2*l**2 + 14*l - 1. Let m be w(-7). Give z(m).
-9
Let q(j) be the second derivative of -j**5/20 + 5*j**4/4 + 5*j**2 + 2*j - 393. What is q(15)?
10
Let i(v) = -6*v**2 + 172*v + 5*v**2 - 6 - 159*v + 0*v**2. Calculate i(12).
6
Suppose 3*m + 2*n - 18 = 5*n, 24 = 3*m - 5*n. Let x(j) = -j + 6. Determine x(m).
3
Let d be (-2)/7 + 36/28. Let i be d/((-2)/4) - 0. Let z be i + 3 + -1 + -6. Let f(l) = l + 4. Calculate f(z).
-2
Let k(n) = n**3 - 9*n**2 + 7*n + 6. Suppose -71 = -11*o + 17. Give k(o).
-2
Suppose -2*v + 2 + 2 = 0. Let l(c) be the first derivative of -c**5/60 + c**4/24 + c**3/3 - 4*c**2 + 2. Let o(j) be the second derivative of l(j). What is o(v)?
0
Let s(l) = -3*l - 30. Let d be s(-10). Suppose 4*b - 20 + 0 = d. Let j(r) = -4*r. What is j(b)?
-20
Let a(w) = -4*w - 4. Let l(r) = r**2 + 21*r - 46. Let x be l(-23). Suppose -d + x = -3. Determine a(d).
-16
Let r(k) = 130 + 128 - 376 + 124 - 3*k. Let m(x) = x**3 - 3*x**2 - 3*x. Let g be m(4). What is r(g)?
-6
Let y(u) be the first derivative of -u**2/2 + 7*u + 8. Let c(g) = -g**3 - 12*g**2 + 3. Let m be c(-12). Let x = 2 + m. Give y(x).
2
Suppose -3*t = 2 + 4. Suppose -8*r = -7*r. Let y(o) = 2 - 8 + 3 + r - 5*o. Determine y(t).
7
Let a(n) = -1765*n**3 + 12*n**2 + n - 7 + 1766*n**3 - 6. Determine a(-12).
-25
Let j(p) = -p - 16. Suppose 4*f = 4*o + 52, -3*f + 7 = -o - 2. Let y be j(o). Let i(z) = -3*z**2 + 2*z + 1. Calculate i(y).
-4
Let w = 158 - 158. Let b(z) = -z**3 - z**2 + 2. Give b(w).
2
Let v(o) = o**3 + 3*o**2 - o - 1. Let t be (-4 - -7)*(-4)/(-3). Suppose 3*l = -t*j + 2*l + 18, 4*l = -2*j + 2. Suppose -1 = 2*p + j. Give v(p).
2
Let b(k) = -11*k - 1. Let o(w) = 8*w + 1. Let l(n) = 3*b(n) + 4*o(n). Calculate l(-6).
7
Let z be 30/50 + 23/(-5). Let h(f) = -f**2 - 7*f - 10. Let p be h(-3). Let b(r) = -8*r + 5 - 17*r + 26*r - r**p. Give b(z).
-15
Let m(w) = 3*w**2 - 5*w - 16. Let n(t) = 8*t**2 - 14*t - 48. Let s(p) = -11*m(p) + 4*n(p). Let d = 20152 + -20152. Calculate s(d).
-16
Let g(s) = 2*s**2 - 1. Let t be g(1). Let k be (-4 + (3 - 2))*-1. Let p(v) = 217*v - v**3 - 218*v + 2*v**k. Calculate p(t).
0
Let w be 5/(-6 - -1) + -5. Let s(c) = c**2 + 5*c - 1. What is s(w)?
5
Let k = 56 + -50. Suppose 5*g + 19 = -2*n, k*n - 4*g + 31 = n. Let i(o) = -o**3 - 7*o**2 + 3. Calculate i(n).
3
Suppose -4*p = -4*z + 17 + 7, 0 = -2*p - 4. Let j(g) = -5*g**2 - 2*g + 13. Let c(s) = 3*s**2 + s - 7. Let k(u) = -7*c(u) - 4*j(u). What is k(z)?
-15
Suppose 4*f - 4*u - 36 = 0, -3*f + 1 + 11 = 2*u. Let g(y) = y**3 - 5*y**2 - 4*y - 8. Determine g(f).
4
Let y(g) = 5*g - 2*g + 5*g**2 - 5*g + g. Let w = 12 + -10. What is y(w)?
18
Let y(f) be the first derivative of -f**3/3 - 9*f**2/2 + 9*f + 35. What is y(-10)?
-1
Let k(m) be the third derivative of m**6/120 + m**5/60 - m**4/8 + m**3/3 + 2*m**2 + 83. Give k(1).
1
Let l be ((-5)/((-20)/(-16)) - -2) + -4. Let f(q) = 12 - q - 7*q**2 + 4*q - 2*q. Let m(p) = p**2 + p. Let w(o) = l*m(o) - f(o). Give w(9).
6
Let j(r) = r + 3. Suppose b - 4*i + 14 = -4*b, -i = -4*b - 9. Let x be 3/b + 0 - 3/(-2). What is j(x)?
3
Let v = -10 - -2. Let t(g) = g + 16. Determine t(v).
8
Suppose x + 24 = 5*k, 4*x + 0*k + 16 = 4*k. Let i be (-6)/(-21) + x + 36/21. Let l(b) = -8*b. Give l(i).
-24
Let w(z) = z**3 - 8*z**2 - 2*z - 3. Suppose 0 = -2*d + d + 8. Let j be w(d). Let b = j - -19. Let y(p) = p**3 - p**2 - p + 1. Calculate y(b).
1
Let m(i) = 3*i**3 + 3*i**2 - 2*i - 9. Let p(c) = c**3 - c - 4. Let r(s) = -2*m(s) + 5*p(s). Give r(-6).
4
Let h(u) = -u - 11. Let t be h(-8). Let v(d) = -16*d**2 + 3*d - 2. Let n(y) = 3*y**2 - y + 1. Let a(q) = 5*n(q) + v(q). Give a(t).
0
Let o(w) = w**2 - 7*w - 3. Let z be 30 - -5*2/(-5). Suppose -4*j - 4*f = z + 4, 4*f = -2*j - 6. Let c = j - -18. What is o(c)?
-13
Let j(t) = 172 - 3*t**2 - 352 + 184 - 16*t. Calculate j(-6).
-8
Let f(t) = -3*t + 2*t - 1 + 0*t + 2. Let c be (-2)/((-4)/8 - 0). Suppose -3*u - y = u + 4, -2*u - y - c = 0. What is f(u)?
1
Let z be (3/(-1))/((-15)/10) - -3. Suppose -4*j - 5*y = 33, 3*j = -z*y - 34 + 8. Let r(u) = -u**2 - 8*u - 5. Determine r(j).
2
Let o(l) be the second derivative of -7/6*l**3 + 3/2*l**2 + 0 - 2*l + 1/12*l**4. Suppose 108 = 10*t + 8*t. Give o(t).
-3
Suppose -u + 4*y = y - 14, 0 = -5*u + 3*y + 22. Let t(r) = -r + u*r**2 + 6 - 2*r**2 - 4 + r**2. Give t(2).
4
Let q(p) = -p + 6. Let a be q(3). Suppose 3*f + 2*y - 34 = -a*y, 17 = 4*f + y. Let o(n) = -7*n**2 + 3*n - n**f - 11*n + 5 - 10 - n. Calculate o(-6).
13
Let t(z) = 1 + 212*z**3 + 213*z**3 - 426*z**3 - 7*z**2 + z. Give t(-7).
-6
Let o(a) be the second derivative of a**3/6 + 41*a**2/2 - 157*a. Determine o(0).
41
Let k(f) = -3. Let y(b) = 5 - 5 + 7 - b. Let t(a) = -5*k(a) - 2*y(a). Give t(1).
3
Let o(f) = 5*f - 1. Let j be o(1). Let u(w) be the second derivative of w**4/12 - 2*w**3/3 + 2*w**2 - w + 8. What is u(j)?
4
Let l(f) = -9*f**3 - f**2 - 3*f - 1. Let o be (-75 - -80)*(-1)/5. Give l(o).
10
Let i = 14 + -23. Let t be (3/i)/(2/24). Let m(n) = 4*n**3 + 4*n**2 - n - 3*n**3 - 2*n - 1. Determine m(t).
11
Let q(l) = 3*l**3 - 2*l**2 - 1. Let a be q(2). Let s(t) = 4*t**2 - 2*t**3 + 3*t**3 - a + 12. What is s(-3)?
6
Suppose -v = -3*v - 12. Suppose 13*o - 12*o - 5 = 0. Let w(d) = -16*d**2 - 4*d + o*d**2 + 5 + 10*d**2. What is w(v)?
-7
Let q(g) be the first derivative of g - 1/2*g**2 + 33. Determine q(-4).
5
Let z = 32 + -39. Let x(w) = w + 13. Let q be x(z)